 What is the units digit of c?
6
Let d(g) = -6*g - 5. What is the tens digit of d(-5)?
2
Let m be (-159)/(-9) + (-1)/(-3). Suppose -4 - m = x. What is the units digit of (-6 + 5)/(2/x)?
1
Let x(q) = q**3 - 3*q**2 - 3*q - 2. Let h be x(4). Suppose -n - 6 = h*n. Let m = 0 - n. What is the units digit of m?
2
Let x = 38 - 64. What is the tens digit of x/3*3/(-2)?
1
Suppose -5*r + 5*a = 0, 4*r + 4*a - 4 = 12. Suppose r*y + 7 - 1 = 0. What is the units digit of 9/y*(-8)/3?
8
Suppose 4*d + 3*m - 261 = 0, 0 = -2*d + 4*m - 21 + 157. What is the tens digit of d?
6
Suppose 4*c + 4*o = -0*c + 24, -4*c + 16 = 2*o. Suppose 5*y + 5*n - 220 = 0, -5*n - 33 = -c*y + 27. What is the tens digit of y?
4
Let o = 10 + -12. Let u(r) = -6*r - 2. What is the tens digit of u(o)?
1
Let j = -53 - -102. What is the units digit of (-14)/j + 88/14?
6
Suppose 2*k - y = -0*k + 44, -y - 92 = -4*k. Suppose -s = 3*j - 0*s - 36, -2*s + k = 2*j. What is the tens digit of j?
1
Let r(l) = -l**3 - 11*l**2 - 15*l - 6. What is the tens digit of r(-10)?
4
Let r(f) be the third derivative of -1/6*f**3 + 0*f - 2*f**2 - 1/6*f**4 + 0. What is the units digit of r(-1)?
3
Let u(h) = h**2 + 3*h + 3. Let p be u(-3). Let v = p + 12. What is the units digit of v?
5
Let a = 159 - 95. What is the tens digit of a?
6
Let f be (4 - 3)/((-4)/(-224)). Suppose -84 = -3*u - 8*a + 4*a, -2*u + 4*a = -f. What is the units digit of u?
8
Let u(m) = -m**2 - 3*m + 5. Let h be u(-4). Let q(i) = 8*i**2 + i - 1. What is the units digit of q(h)?
8
Let s(k) = -5*k**3 + 2*k**2 + 1. Let q be s(-2). Suppose 3*v - 3*d - 41 - 22 = 0, -3*v - 4*d = -q. What is the tens digit of v?
1
Suppose 2*s - 7*s + 10 = 0. What is the units digit of s?
2
Let n = 4 + 1. What is the units digit of n?
5
Let x be (-12)/(-4)*(-1)/(-3). Suppose -5*o = 2*n - 25, x - 4 = o. What is the units digit of n?
0
Suppose 4*o - o = 18. What is the tens digit of -1 + 9 + o + -3?
1
Let l(i) = i**2 - i - 42. What is the units digit of l(13)?
4
Let k(g) = 2*g**3 + g + 1. Let f be k(-1). Let x be 60/14 + f/7. Suppose 0 = 3*n - x*a - a - 46, 2*a = -4. What is the units digit of n?
2
Let x(v) = -v - 4. Let j = 31 + -43. What is the units digit of x(j)?
8
Suppose 40*o = 36*o + 340. What is the units digit of o?
5
Let b = -71 - -44. Let n = b - -10. Let g = n - -28. What is the units digit of g?
1
What is the units digit of (3/3)/((-5)/(-60))?
2
Suppose 42 = 3*h + 3*v, 36 = 3*h + 4*v - 4. Suppose h = u - 4*d, -5*d - 3 - 10 = -u. What is the tens digit of u?
2
Suppose 0 = -3*n, 2*z = z - 5*n + 2. Suppose 230 = 5*y + 5*f, 2*y = -z*y - 2*f + 174. What is the units digit of y?
1
Let r = 59 - 27. What is the units digit of r?
2
Let j = -88 + 140. What is the tens digit of j?
5
Let q = 3 - -3. Suppose -4*j = -30 + q. Let z = j + 0. What is the units digit of z?
6
Suppose 38*s = 39*s - 248. What is the hundreds digit of s?
2
Let h(w) = w**2 + 9*w + 9. What is the tens digit of h(-10)?
1
Let v be ((-18)/15)/((-4)/10). Let q be (-5 - -5)/(1*-1). Suppose v*m - 12 = q, 0 = w + w + 4*m - 32. What is the units digit of w?
8
Suppose a = 3*x + 15, -2*a + 3*a - 43 = -4*x. What is the tens digit of a?
2
Suppose -u + 4*u - 102 = 0. What is the units digit of u?
4
Let t(y) be the second derivative of -y**5/20 + y**4/12 + y**3/6 + y**2 - 3*y. Let v be t(0). What is the tens digit of 21/v - 3/(-6)?
1
Let b = 63 + -38. What is the units digit of b?
5
Let c be 30*(0 + 3/3). Let d = 29 + c. What is the units digit of d?
9
Suppose 0 = 3*b - b - 24. What is the units digit of b?
2
Suppose n + 32 = 2*n - 5*w, -5*n = -3*w - 50. Suppose -m = -0*m - n. What is the units digit of m?
7
Suppose -2*c - y - 1 = 0, 2*c - 4*y - 16 = -42. Let i = c + 2. Let f = 6 + i. What is the units digit of f?
5
Suppose 3*a = 12 + 90. Suppose -2*m + 7 = -1, i = m + a. Suppose -4*x - i = -3*c, -5*c + 4*x = x - 45. What is the units digit of c?
6
Let y = 122 + -78. What is the units digit of y?
4
Suppose -9*y + 4*y = -90. Suppose 0 = 4*v + 2*l + y, -3*l + 0*l = -5*v + 5. Let d(a) = a**2 - a + 2. What is the units digit of d(v)?
8
Suppose -2*r + 15 = -c - 50, 0 = 2*r - 10. Let d = c - -79. What is the units digit of d?
4
Suppose 5*g = -3*y + 79, 2*g - 5*y - 78 = -2*g. What is the tens digit of g?
1
Let n(j) = 2*j - 2*j - j. Let i be 2/(0 + 0 + -2). What is the units digit of n(i)?
1
Let v(u) = 3*u**3 + u**2 - 4. What is the units digit of v(2)?
4
Let l be (-1)/3 - (-7)/3. Suppose -l*q + 14 = 2. What is the units digit of q?
6
Suppose 3*s = -2*s. Suppose 4*p = -4*o, 3*p + 2*o - 1 - 1 = s. Suppose 0 = 3*d + 2*d - 5, d + 35 = p*y. What is the units digit of y?
8
Let w(s) = s**3 + 0 - 1 + 3*s + 4*s**2 + 3. What is the units digit of w(-2)?
4
What is the units digit of (4/10)/(24/1740)?
9
Let b(r) = -r**3 + 6*r**2 - 5*r + 4. Let f be b(5). Suppose 3*u + f*y = 12, 0*u - 5*u + y - 3 = 0. Let o(g) = g**3 - g + 6. What is the units digit of o(u)?
6
What is the units digit of (1 - 9)*65/(-52)?
0
Let y = 1 - 1. Let p(n) = -3*n**2 + 4*n - 10. Let j(u) = -4*u**2 + 5*u - 10. Let k(v) = 4*j(v) - 5*p(v). What is the tens digit of k(y)?
1
Let a(d) = 7*d - 10. What is the tens digit of a(6)?
3
Let a be 7 - ((-6)/(-2) - 0). Suppose -4*x = x - 25. What is the units digit of (a/x)/((-3)/(-30))?
8
Let g(q) = 4*q**2 + 2*q + 3. What is the units digit of g(4)?
5
Suppose -5 = -h + 3*h - g, 2*h - 4*g = -20. Let f(r) = -r**3 + 3*r**2 + 7*r - 16. Let m be f(4). Let p = h - m. What is the units digit of p?
4
Let m(u) = u**3 - 3*u**2 - 5*u + 1. Let p be m(5). Suppose -2*x + 104 = p. What is the tens digit of x?
3
Let c be (4/(-6))/(1/(-6)). Suppose -c + 28 = 4*y. What is the units digit of y?
6
What is the tens digit of (2*14)/((-16)/(-24))?
4
Let q(z) = -5*z**2 - 14*z + 20. Let h(l) = 3*l**2 + 7*l - 10. Let t(r) = 7*h(r) + 4*q(r). What is the units digit of t(8)?
8
Let f(q) = 3*q. Let k be f(6). Let j = k - 3. What is the units digit of j + (3 + 0)/3?
6
Suppose -3*d + 10 = 2*j - 4*d, -3*d - 23 = -5*j. Let p = j - -1. What is the units digit of p?
8
Let v(l) = l. Let p be v(-2). Let j be (p + (-9)/(-3))*-1. Let z = 2 + j. What is the units digit of z?
1
Let p be 1*1*(4 + -3). Let o be (3 - -2)*p - 2. What is the units digit of 3 - -2*(o + -2)?
5
Let m be 6 + 1/(-3)*0. Suppose -m = -5*j + 9. What is the units digit of j?
3
Suppose 5*l = -3*u + 20, 19 - 2 = 2*l + 3*u. What is the units digit of l?
1
Suppose 0 = -2*f - 2 + 6. Suppose 2*y - 26 = -f*k, 5*k - 32 - 3 = y. What is the units digit of k?
8
What is the tens digit of (-3)/2*216/(2 - 6)?
8
Let b(c) = -c. Let u(v) = 2*v + 2. Let w(g) = 4*b(g) + u(g). What is the tens digit of w(-7)?
1
Let p(d) = -d + 7. Let w be p(7). Suppose t = -w + 3. Suppose -2*c + 0*c - 2*r = -8, -5*r - 4 = -t*c. What is the units digit of c?
3
Suppose -9 = 4*q + 5*j, -5*q + 5*j + 35 = 2*j. Suppose -t + 2*o = -0*t - 14, 2*o = -q*t + 26. What is the units digit of t?
8
Let r(o) = 2*o**2 + 7*o + 5. Let l be r(-4). Suppose 0 = 4*x - l*x + 130. What is the tens digit of x?
2
What is the tens digit of 1 - (-13 + (-4)/(12/(-3)))?
1
Suppose 4*s = -2*m - 132, -2*m = -s - 0*s - 33. Let y = 52 + s. What is the units digit of y?
9
Let h(c) = 29*c**2 + c. Suppose -3*n = -5*y - 7, -y - 2*y = n + 7. What is the tens digit of h(n)?
2
Let s = 117 - 39. Suppose g = -2*o + 9 + 5, 2*o = -5*g + s. What is the tens digit of g?
1
Suppose 2*d - 2*v - 27 = -d, 0 = -5*d + v + 52. Let g = d + -15. Let r = g - -15. What is the units digit of r?
1
Suppose 12 = -2*j + 4*j. Let l(n) = 3*n - 8. What is the tens digit of l(j)?
1
Suppose -3*h + n + 4 = 2*n, -6 = 3*h + 3*n. Suppose -h*d + 15 = -90. What is the tens digit of d?
3
Suppose 0 = -k - 1 + 6. Suppose -3*x - 5 = -k*i, -2*i + 2*x + 18 = 4*x. What is the units digit of i?
4
What is the tens digit of (-2226)/(-36) - 1/(-6)?
6
Let f = -6 + 8. Let n = 4 + f. What is the units digit of n?
6
Let x(c) = 5*c - 3. Let f be x(2). Let m(s) = -s**3 + 6*s**2 + 6*s. Let g be m(f). Let l = 8 + g. What is the units digit of l?
1
Let x(i) = 6*i - 1. Let u be x(1). Suppose -u*r + 3 = -12. What is the units digit of r?
3
Suppose 4 = t + 3, -s = 2*t + 20. What is the units digit of (s/(-55))/((-1)/(-75))?
0
Suppose -3*w + 5*s = 22 + 9, 0 = -4*s + 20. What is the tens digit of (w - 1)*50/(-6)?
2
Let u be ((-4)/